t s be b(-4). Suppose 4*z + 6 + 2 = 3*v, 0 = -2*z + 3*v - s. Let r = z + 10. What are the prime factors of r?
2
Let d = 417 + -190. What are the prime factors of d?
227
Let o(u) = -u**3 + 10*u**2 - 8. Let t be o(10). What are the prime factors of (-89)/(-7) + t/(-28)?
13
Let b = 0 + 2. Let u be 54/(-4)*b/(-3). What are the prime factors of (-2 + (-24)/(-9))*u?
2, 3
Suppose 0 = 3*b + 2*b - 245. List the prime factors of b.
7
Let k(a) be the second derivative of -a**4/12 + a**3/6 + 9*a**2/2 - a. Let y = 9 - 9. What are the prime factors of k(y)?
3
Suppose -2*f = -5*f. Suppose -4*i + n + 92 = -0*i, -4*i - n + 92 = f. What are the prime factors of i?
23
Let z(r) = -r**2 + 6*r - 7. Let d = 7 - 1. Let l be z(d). List the prime factors of -1 + 4 - 0/l.
3
Suppose -25 = -3*b + 110. Let f = b - 31. List the prime factors of f.
2, 7
Let c be 1/(2/68*1). Let r be (1 - 1 - 1) + c. Suppose 4*f = f + r. List the prime factors of f.
11
Let r = -16 - -15. What are the prime factors of r/(-4)*-2*-20?
2, 5
Suppose 5*i - 24 = 21. What are the prime factors of i?
3
Let i = 209 - 22. What are the prime factors of i?
11, 17
Suppose -3*m = -3*g - 4*m + 101, -g = -4*m - 38. What are the prime factors of g?
2, 17
Suppose v - 3 = -2*w, 3*w - 41 = -w + 5*v. Let t(b) = 2*b**2 - 4*b + 2. Let s be t(w). Suppose l = 4*n - 19, -5*l + 3 - s = 0. What are the prime factors of n?
2
Let x = -76 - -125. List the prime factors of x.
7
Suppose 5*c = a + 12, -3*c + 18 = 2*a + a. Suppose -3*l + a*o + 84 = 0, -4*l + 5*l = 4*o + 16. List the prime factors of l.
2
Let s = 5 + -3. What are the prime factors of (-150)/(-20)*2*s?
2, 3, 5
Suppose -b + 98 = -3*x + 1156, -5*x + 1752 = 4*b. What are the prime factors of x?
2, 11
Let z be 26/2*(-1 - -4). Let a = 59 - z. List the prime factors of a.
2, 5
Let p be (1 + 0)/((-3)/15). Let b(c) = c. Let w(j) = -6*j - 10. Let g(k) = p*b(k) - w(k). List the prime factors of g(-5).
5
Let a(n) = 2*n**2 - 2 + 2*n - 1 - n**2. Let v = -6 - -1. List the prime factors of a(v).
2, 3
Let a = -12 + 6. Let v be (-21)/a + 4/8. What are the prime factors of v/8*(-20)/(-2)?
5
Let s(k) = 3*k**2 - 2*k. Let n be s(2). Let h = -1 + n. What are the prime factors of h?
7
Let w(r) = -3*r. Let i be w(1). Let k be (-2)/3 + (-20)/i. Suppose 25 = k*z - z. List the prime factors of z.
5
Let r = 80 + -59. What are the prime factors of r?
3, 7
Suppose -w = 2*g - 110, -2*g - 4*w = -0*g - 122. List the prime factors of g.
53
Let v(d) = -20*d**3 - d**2 + d - 1. Let c be v(1). Let h be 6/c - 2/(-7). Suppose h = g - 3. List the prime factors of g.
3
Let x = -67 - -238. What are the prime factors of x?
3, 19
Suppose 5*v = -l + 133 + 194, 3*v - 195 = -l. What are the prime factors of v?
2, 3, 11
Let n be ((-210)/4)/(-7)*36. What are the prime factors of (n/(-63))/(1/(-7))?
2, 3, 5
Let a be (4/(-10))/((-1)/(-5)). Let n(o) = 1 - 2 - 3*o - 2 + 1. List the prime factors of n(a).
2
Suppose 2*j = -4*o - 2*j + 544, -2*o = -4*j - 260. What are the prime factors of o?
2, 67
Suppose 0 = -3*u + 6*u - 33. Let h = -6 + u. List the prime factors of h.
5
Let c(v) = -22*v - 23. List the prime factors of c(-5).
3, 29
Let w = 23 - 12. List the prime factors of 3/(9/3)*w.
11
Suppose 3*c = 4 + 11. Suppose 2*o + 2 - 25 = -3*g, -g - c*o = 1. Suppose 5*p = 4*p + g. List the prime factors of p.
3
Let h(i) = i**2 - 5*i - 6. Let c(v) = v**2 - 4*v - 5. Let d = -2 + 4. Let n(q) = d*c(q) - 3*h(q). List the prime factors of n(7).
2
Let z = -21 - -66. Suppose 5*a = 15 + z. List the prime factors of a.
2, 3
Let s(j) = 2*j - 4. Let r be s(5). Suppose 5*o - r*o + 17 = 0. What are the prime factors of o?
17
Suppose 3*c = z + 4, 0 = 3*c - 6*c + 6. Suppose -z*q - 231 = -5*j, 6*q - 3*q - 194 = -4*j. List the prime factors of j.
47
Suppose 0 = -2*z - 13 + 63. List the prime factors of z.
5
Let w be -3 + 7/((-21)/(-18)). Suppose -w = -u + 3. What are the prime factors of u?
2, 3
Suppose -5*p + p - 48 = 0. Suppose -2*z = -6, -11 - 24 = -r - 5*z. Let c = r + p. What are the prime factors of c?
2
Suppose -5*d + 5*b = b - 383, 0 = 4*d - b - 302. What are the prime factors of d?
3, 5
Let s(p) = 6*p - 2. Let f be s(2). Suppose t = -t + f. List the prime factors of (-6)/15 - (-47)/t.
3
Suppose 16 = l - 7. Let b = l + -16. What are the prime factors of b?
7
Let d = 81 + 116. Suppose 4*p - d = -b, -3*p + p + 100 = 2*b. List the prime factors of p.
7
Suppose 0 = 3*q + 2*i - 23, 30 = -5*q + 3*i + 81. List the prime factors of q.
3
Let m(q) = -30*q**2 + 3*q - 7. Let k(h) = 10*h**2 - h + 2. Let d(w) = 7*k(w) + 2*m(w). Let t(z) = z**2 - 2*z. Let g be t(1). List the prime factors of d(g).
11
List the prime factors of (17/1)/(20/80).
2, 17
Let x(j) = 7*j**2 + 2*j + 3. Let y(h) = h + 1. Let p(u) = -x(u) + 3*y(u). Let g be p(1). What are the prime factors of (g/(-5))/(9/30)?
2
Suppose 0 = -5*q - 25, -q = 2*v - 0*v - 81. List the prime factors of v.
43
Suppose -3*n = 2*o + 2 - 14, 4*o - 8 = 2*n. Suppose -5*v + n*v = 36. List the prime factors of (-64)/v*6/4.
2
Suppose -2*c + 460 = 3*c. Suppose 3*v = 4*y + v - c, v + 70 = 3*y. List the prime factors of y.
2, 3
Let l(s) = -s + 8. Let p be l(6). Let f = 7 - -44. Suppose -p*i - i + f = 0. List the prime factors of i.
17
Suppose 158 = 4*k - 2. What are the prime factors of k?
2, 5
Suppose 5*i + 71 + 79 = d, -5*i = 4*d - 550. List the prime factors of d.
2, 5, 7
Let h(a) = a**2 + 4*a + 4. Let r be h(-4). What are the prime factors of ((-5)/(-4))/(1/r)?
5
Let j(v) = -8*v**2 + 10*v - 7. Let s(r) = r**2 - r + 1. Let k(a) = -j(a) - 5*s(a). Let z be (-5)/(-2) + 2/4. What are the prime factors of k(z)?
2, 7
Let o(x) = 2*x**3 - 2*x**2 - 2*x. Let m be o(2). Suppose m*v - 5*c - 37 = -6*c, 2*v + 2*c = 20. Suppose v*a - 6*a - 18 = 0. What are the prime factors of a?
2, 3
What are the prime factors of 15/(-35) - 325/(-7)?
2, 23
Let b be ((-6)/(-2))/(9/6). Suppose -b*j + 2 + 4 = 0. List the prime factors of j.
3
Suppose -4 = -h - h. Suppose 0 = 5*a - 5*i - 60, -3*a - h*i + 54 = i. Suppose a = 3*b - 0*b. List the prime factors of b.
5
Let q = -6 + 4. Let u(n) = 4*n**2 + 2*n. Let z be u(-2). Let k = z + q. List the prime factors of k.
2, 5
Let b(l) = -11*l. Suppose 2*t = 4*t. Let h = -1 - t. What are the prime factors of b(h)?
11
Let h(u) = u. Let b be h(2). Suppose b = -v + 30. What are the prime factors of v?
2, 7
Let k(n) = 28*n**2 + 1. What are the prime factors of k(1)?
29
Let x(j) = -4*j - 20. List the prime factors of x(-8).
2, 3
Suppose -2*a - a = 5*y + 32, -4*a - 20 = y. Let o(i) = i**3 - 3. Let n be o(0). What are the prime factors of 4/(a/n) + 2?
5
Let u(h) = -h**3 + 6*h**2 - 6*h. Let g be u(5). Let b(q) = -11*q**3 + q**2 - q + 1. Let r be b(1). Let d = g - r. List the prime factors of d.
5
Let z(d) = 2*d - 6. Let a be z(5). Let x(v) be the third derivative of v**5/60 - 5*v**3/6 + v**2. What are the prime factors of x(a)?
11
Suppose 156 - 57 = 5*y - l, 0 = y - l - 19. Suppose 8 + 12 = -5*d - 5*v, 0 = -5*d + 3*v - y. Let i = 4 - d. What are the prime factors of i?
2
Suppose 10*v - 5*v - 15 = 0. What are the prime factors of v?
3
Suppose 5*k = 238 + 127. List the prime factors of k.
73
Suppose -31*g = -24*g - 1470. What are the prime factors of g?
2, 3, 5, 7
Let j = -38 - -27. Let l be 1*(1 - 7 - -2). Let k = l - j. What are the prime factors of k?
7
Let r(d) = 5*d - 5. Let w(g) = -g**3 - 7*g**2 - 6*g + 6. Let v be w(-6). Let n be r(v). Let m = n + -14. What are the prime factors of m?
11
List the prime factors of ((-2290)/4)/(-5) - 4/8.
2, 3, 19
List the prime factors of (-2)/((-4)/2) - (-283 + 57).
227
Let c = 36 - 26. Let x = 25 + c. List the prime factors of x.
5, 7
Suppose -14 = -5*h + 26. Let u = 22 - 16. List the prime factors of 4/u*84/h.
7
Suppose -c + 41 = -3*r, 6*c - 5*c = -2*r + 56. Suppose y = -4*y + c. List the prime factors of y.
2, 5
Suppose 3*v + 223 = 919. What are the prime factors of v?
2, 29
Suppose 1220 = 14*k - 1972. List the prime factors of k.
2, 3, 19
Let y(b) be the second derivative of b**3/2 - 2*b. Let p be y(-1). List the prime factors of 5 - p/(-3*1).
2
Suppose -4*x - 2*a - 2*a = 20, 2*x - 3*a = 15. Suppose 0 = -x*i + 3*i - 6. Suppose i*w - 19 = -4*u + 3, 0 = -u + 2*w - 7. What are the prime factors of u?
3
Suppose 16*v = -0*v + 1024. List the prime factors of v.
2
Let m